{"id":8,"date":"2019-12-17T09:37:01","date_gmt":"2019-12-17T09:37:01","guid":{"rendered":"https:\/\/ccphotography.ch\/home\/?page_id=8"},"modified":"2019-12-19T14:54:58","modified_gmt":"2019-12-19T14:54:58","slug":"home","status":"publish","type":"page","link":"https:\/\/ccphotography.ch\/home\/","title":{"rendered":"Home"},"content":{"rendered":"<p>[et_pb_section fb_built=&#8221;1&#8243; fullwidth=&#8221;on&#8221; _builder_version=&#8221;4.0.9&#8243;][et_pb_fullwidth_menu menu_style=&#8221;centered&#8221; submenu_direction=&#8221;downwards&#8221; fullwidth_menu=&#8221;on&#8221; dropdown_menu_bg_color=&#8221;#ffffff&#8221; dropdown_menu_line_color=&#8221;#e8d1d9&#8243; dropdown_menu_text_color=&#8221;#000000&#8243; dropdown_menu_active_link_color=&#8221;#000000&#8243; mobile_menu_bg_color=&#8221;#ffffff&#8221; mobile_menu_text_color=&#8221;#000000&#8243; show_search_icon=&#8221;on&#8221; cart_icon_color=&#8221;#000000&#8243; search_icon_color=&#8221;#000000&#8243; menu_icon_color=&#8221;#000000&#8243; _builder_version=&#8221;4.0.9&#8243; menu_font=&#8221;Lato|300||on|||||&#8221; menu_text_color=&#8221;#000000&#8243; menu_font_size=&#8221;16px&#8221; menu_letter_spacing=&#8221;1px&#8221;][\/et_pb_fullwidth_menu][\/et_pb_section][et_pb_section fb_built=&#8221;1&#8243; fullwidth=&#8221;on&#8221; admin_label=&#8221;Header&#8221; _builder_version=&#8221;4.0.9&#8243; background_color=&#8221;#ffffff&#8221; custom_padding=&#8221;0px|0|0px|0px|false|false&#8221;][et_pb_fullwidth_header text_orientation=&#8221;center&#8221; background_overlay_color=&#8221;rgba(234,164,213,0.09)&#8221; logo_image_url=&#8221;https:\/\/ccphotography.ch\/home\/wp-content\/uploads\/2019\/12\/Logo_ccphotography.png&#8221; content_max_width=&#8221;90%&#8221; _builder_version=&#8221;4.0.9&#8243; title_font=&#8221;Noto Serif|700|||||||&#8221; title_text_align=&#8221;center&#8221; title_font_size=&#8221;7vw&#8221; title_line_height=&#8221;1.1em&#8221; content_font=&#8221;Noto Serif|700|||||||&#8221; content_text_align=&#8221;left&#8221; content_font_size=&#8221;32px&#8221; subhead_font=&#8221;Noto Sans||||||||&#8221; subhead_text_align=&#8221;center&#8221; subhead_font_size=&#8221;30px&#8221; subhead_line_height=&#8221;2em&#8221; background_color=&#8221;rgba(255,255,255,0)&#8221; background_enable_image=&#8221;off&#8221; parallax=&#8221;on&#8221; parallax_method=&#8221;on&#8221; custom_button_one=&#8221;on&#8221; button_one_text_size=&#8221;17px&#8221; button_one_text_color=&#8221;#ffffff&#8221; button_one_bg_color=&#8221;#ff6b5a&#8221; button_one_border_width=&#8221;7px&#8221; button_one_border_color=&#8221;#ff6b5a&#8221; button_one_border_radius=&#8221;100px&#8221; button_one_font=&#8221;Noto Sans|700||on|||||&#8221; button_one_use_icon=&#8221;off&#8221; custom_margin=&#8221;|||&#8221; custom_padding=&#8221;46px||220px|||&#8221; custom_padding_tablet=&#8221;100px|||&#8221; custom_padding_phone=&#8221;&#8221; custom_padding_last_edited=&#8221;on|phone&#8221; animation_style=&#8221;fade&#8221; animation_direction=&#8221;top&#8221; title_font_size_tablet=&#8221;60px&#8221; title_font_size_phone=&#8221;&#8221; title_font_size_last_edited=&#8221;on|phone&#8221; subhead_font_size_tablet=&#8221;&#8221; subhead_font_size_phone=&#8221;20px&#8221; subhead_font_size_last_edited=&#8221;on|desktop&#8221; subhead_line_height_tablet=&#8221;&#8221; subhead_line_height_phone=&#8221;1.5em&#8221; subhead_line_height_last_edited=&#8221;on|phone&#8221; button_one_text_color_hover=&#8221;#ffffff&#8221; button_one_border_color_hover=&#8221;#ff9e59&#8243; button_one_border_radius_hover=&#8221;100px&#8221; button_one_bg_color_hover=&#8221;#ff9e59&#8243; button_one_text_size__hover_enabled=&#8221;off&#8221; button_two_text_size__hover_enabled=&#8221;off&#8221; button_one_text_color__hover_enabled=&#8221;on&#8221; button_one_text_color__hover=&#8221;#ffffff&#8221; button_two_text_color__hover_enabled=&#8221;off&#8221; button_one_border_width__hover_enabled=&#8221;off&#8221; button_two_border_width__hover_enabled=&#8221;off&#8221; button_one_border_color__hover_enabled=&#8221;on&#8221; button_one_border_color__hover=&#8221;#ff9e59&#8243; button_two_border_color__hover_enabled=&#8221;off&#8221; button_one_border_radius__hover_enabled=&#8221;on&#8221; button_one_border_radius__hover=&#8221;100px&#8221; button_two_border_radius__hover_enabled=&#8221;off&#8221; button_one_letter_spacing__hover_enabled=&#8221;off&#8221; button_two_letter_spacing__hover_enabled=&#8221;off&#8221; button_one_bg_color__hover_enabled=&#8221;on&#8221; button_one_bg_color__hover=&#8221;#ff9e59&#8243; button_two_bg_color__hover_enabled=&#8221;off&#8221;][\/et_pb_fullwidth_header][\/et_pb_section][et_pb_section fb_built=&#8221;1&#8243; _builder_version=&#8221;3.22&#8243; custom_padding=&#8221;|||&#8221;][et_pb_row column_structure=&#8221;1_2,1_2&#8243; _builder_version=&#8221;3.25&#8243; custom_padding=&#8221;|||&#8221;][et_pb_column type=&#8221;1_2&#8243; _builder_version=&#8221;3.25&#8243; custom_padding=&#8221;|||&#8221; custom_padding__hover=&#8221;|||&#8221;][et_pb_image src=&#8221;https:\/\/ccphotography.ch\/home\/wp-content\/uploads\/2019\/12\/FS7A1107.jpg&#8221; align_tablet=&#8221;center&#8221; align_phone=&#8221;&#8221; align_last_edited=&#8221;on|desktop&#8221; _builder_version=&#8221;4.0.9&#8243; custom_margin=&#8221;-211px|||||&#8221; animation_style=&#8221;slide&#8221; animation_direction=&#8221;bottom&#8221; animation_intensity_slide=&#8221;2%&#8221; border_radii=&#8221;on|3px|3px|3px|3px&#8221; box_shadow_style=&#8221;preset2&#8243; box_shadow_horizontal=&#8221;33px&#8221; box_shadow_vertical=&#8221;52px&#8221; box_shadow_blur=&#8221;80px&#8221; box_shadow_color=&#8221;rgba(0,36,73,0.07)&#8221;][\/et_pb_image][\/et_pb_column][et_pb_column type=&#8221;1_2&#8243; _builder_version=&#8221;3.25&#8243; custom_padding=&#8221;|||&#8221; custom_padding__hover=&#8221;|||&#8221;][et_pb_cta title=&#8221;Wir halten Momente f\u00fcrs Leben fest!&#8221; button_url=&#8221;https:\/\/ccphotography.ch\/home\/informationen\/&#8221; button_text=&#8221;mehr erfahren&#8221; _builder_version=&#8221;4.0.9&#8243; header_font=&#8221;Playfair Display||||||||&#8221; header_font_size=&#8221;44px&#8221; header_line_height=&#8221;1.5em&#8221; body_font=&#8221;Lato|300|||||||&#8221; body_font_size=&#8221;17px&#8221; body_line_height=&#8221;2em&#8221; use_background_color=&#8221;off&#8221; custom_button=&#8221;on&#8221; button_text_size=&#8221;17px&#8221; button_text_color=&#8221;#ffffff&#8221; button_bg_color=&#8221;#e8d1d9&#8243; button_border_width=&#8221;0px&#8221; button_border_color=&#8221;#e8d1d9&#8243; button_border_radius=&#8221;0px&#8221; button_letter_spacing=&#8221;2px&#8221; button_font=&#8221;Lato|||on|||||&#8221; button_use_icon=&#8221;off&#8221; text_orientation=&#8221;left&#8221; background_layout=&#8221;light&#8221; custom_margin=&#8221;60px|||&#8221; header_font_size_tablet=&#8221;&#8221; header_font_size_phone=&#8221;34px&#8221; header_font_size_last_edited=&#8221;on|phone&#8221; button_text_color_hover=&#8221;#ffffff&#8221; button_border_color_hover=&#8221;#ff9e59&#8243; button_bg_color_hover=&#8221;#ff9e59&#8243; button_text_size__hover_enabled=&#8221;off&#8221; button_one_text_size__hover_enabled=&#8221;off&#8221; button_two_text_size__hover_enabled=&#8221;off&#8221; button_text_color__hover_enabled=&#8221;on&#8221; button_text_color__hover=&#8221;#ffffff&#8221; button_one_text_color__hover_enabled=&#8221;off&#8221; button_two_text_color__hover_enabled=&#8221;off&#8221; button_border_width__hover_enabled=&#8221;off&#8221; button_one_border_width__hover_enabled=&#8221;off&#8221; button_two_border_width__hover_enabled=&#8221;off&#8221; button_border_color__hover_enabled=&#8221;on&#8221; button_border_color__hover=&#8221;#ff9e59&#8243; button_one_border_color__hover_enabled=&#8221;off&#8221; button_two_border_color__hover_enabled=&#8221;off&#8221; button_border_radius__hover_enabled=&#8221;off&#8221; button_one_border_radius__hover_enabled=&#8221;off&#8221; button_two_border_radius__hover_enabled=&#8221;off&#8221; button_letter_spacing__hover_enabled=&#8221;off&#8221; button_one_letter_spacing__hover_enabled=&#8221;off&#8221; button_two_letter_spacing__hover_enabled=&#8221;off&#8221; button_bg_color__hover_enabled=&#8221;on&#8221; button_bg_color__hover=&#8221;#ff9e59&#8243; button_one_bg_color__hover_enabled=&#8221;off&#8221; button_two_bg_color__hover_enabled=&#8221;off&#8221;]<\/p>\n<p><span>Das Wesen der Menschen bei der Aufnahme sichtbar zu machen, ist die h\u00f6chste Kunst der Fotografie sagte schon Friedrich D\u00fcrrenmatt. Genau das halten wir mit viel Liebe, Geduld und Leidenschaft fest und schaffen f\u00fcr euch kostbare Erinnerungen.\u00a0<\/span><\/p>\n<p>[\/et_pb_cta][\/et_pb_column][\/et_pb_row][\/et_pb_section][et_pb_section fb_built=&#8221;1&#8243; _builder_version=&#8221;4.0.9&#8243; background_color=&#8221;rgba(232,209,217,0.34)&#8221; custom_padding=&#8221;70px||29px|||&#8221;][et_pb_row _builder_version=&#8221;4.0.9&#8243; custom_padding=&#8221;0px|||||&#8221;][et_pb_column type=&#8221;4_4&#8243; _builder_version=&#8221;4.0.9&#8243;][et_pb_text _builder_version=&#8221;4.0.9&#8243; text_font=&#8221;Lato|300|||||||&#8221; text_font_size=&#8221;19px&#8221; text_letter_spacing=&#8221;2px&#8221; text_line_height=&#8221;1.4em&#8221; text_orientation=&#8221;center&#8221; hover_enabled=&#8221;0&#8243;]<\/p>\n<p><span>Das sagen unsere Kunden \u00fcber uns<\/span><\/p>\n<p>[\/et_pb_text][et_pb_slider _builder_version=&#8221;4.0.9&#8243; hover_enabled=&#8221;0&#8243; header_text_color=&#8221;#777777&#8243; body_text_color=&#8221;#777777&#8243; body_font=&#8221;Rouge Script||||||||&#8221; header_font=&#8221;Rouge Script||||||||&#8221; custom_padding=&#8221;0px||95px|||&#8221;][et_pb_slide _builder_version=&#8221;4.0.9&#8243; background_color=&#8221;rgba(0,0,0,0)&#8221; background_enable_color=&#8221;on&#8221; use_bg_overlay=&#8221;off&#8221; arrows_custom_color=&#8221;rgba(209,146,161,0.99)&#8221; dot_nav_custom_color=&#8221;rgba(209,146,161,0.99)&#8221; background_layout=&#8221;light&#8221; body_font=&#8221;Rouge Script|300|||||||&#8221; body_font_size=&#8221;40px&#8221; body_line_height=&#8221;1em&#8221; hover_enabled=&#8221;0&#8243;]<\/p>\n<p>\u00abMir hei eus super wohl gf\u00fchlt in dim gmi\u00e4tliche Studio und mit dinere tolle und liebevolle Art. Vil\u00e4 Dank Corinne f\u00fcr das sch\u00f6ne Erl\u00e4bnis und di\u00e4 tolle Bilder.\u00bb<\/p>\n<p>[\/et_pb_slide][et_pb_slide _builder_version=&#8221;4.0.9&#8243; background_color=&#8221;rgba(0,0,0,0)&#8221; background_enable_color=&#8221;on&#8221; use_bg_overlay=&#8221;off&#8221; arrows_custom_color=&#8221;rgba(209,146,161,0.99)&#8221; dot_nav_custom_color=&#8221;rgba(209,146,161,0.99)&#8221; background_layout=&#8221;light&#8221; body_font=&#8221;Rouge Script|300|||||||&#8221; body_font_size=&#8221;40px&#8221; body_line_height=&#8221;1em&#8221; hover_enabled=&#8221;0&#8243;]<\/p>\n<p>\u00abEifach toll, ich w\u00fcrd immer widr go, ha mi vom erschte Moment ah wohl gf\u00fchlt und d&#8217;F\u00f6teli sind e sch\u00f6ni Erinnerig und mega toll worde! Danke vielmol\u00bb<\/p>\n<p>[\/et_pb_slide][et_pb_slide _builder_version=&#8221;4.0.9&#8243; background_color=&#8221;rgba(0,0,0,0)&#8221; background_enable_color=&#8221;on&#8221; use_bg_overlay=&#8221;off&#8221; arrows_custom_color=&#8221;rgba(209,146,161,0.99)&#8221; dot_nav_custom_color=&#8221;rgba(209,146,161,0.99)&#8221; background_layout=&#8221;light&#8221; body_font=&#8221;Rouge Script|300|||||||&#8221; body_font_size=&#8221;40px&#8221; body_line_height=&#8221;1em&#8221; hover_enabled=&#8221;0&#8243;]<\/p>\n<p>\u00abEine supersch\u00f6ne Erfahrung gewesen. Vielen Dank f\u00fcr den tollen und liebevollen Umgang mit unseren kleinen Maus und die Wahnsinnsfotos!\u00bb\u00a0<\/p>\n<p>[\/et_pb_slide][et_pb_slide _builder_version=&#8221;4.0.9&#8243; background_color=&#8221;rgba(0,0,0,0)&#8221; background_enable_color=&#8221;on&#8221; use_bg_overlay=&#8221;off&#8221; arrows_custom_color=&#8221;rgba(209,146,161,0.99)&#8221; dot_nav_custom_color=&#8221;rgba(209,146,161,0.99)&#8221; background_layout=&#8221;light&#8221; body_font=&#8221;Rouge Script|300|||||||&#8221; body_font_size=&#8221;40px&#8221; body_line_height=&#8221;1em&#8221; hover_enabled=&#8221;0&#8243;]<\/p>\n<p>\u00abIch cha garned i Wort fasse wie gl\u00fccklich, stolz ich ben uf Eus alli u vorallem uf di f\u00fcr die Hammer, meeeeeega Fotene\u00bb<\/p>\n<p>[\/et_pb_slide][et_pb_slide _builder_version=&#8221;4.0.9&#8243; background_color=&#8221;rgba(0,0,0,0)&#8221; background_enable_color=&#8221;on&#8221; use_bg_overlay=&#8221;off&#8221; arrows_custom_color=&#8221;rgba(209,146,161,0.99)&#8221; dot_nav_custom_color=&#8221;rgba(209,146,161,0.99)&#8221; background_layout=&#8221;light&#8221; body_font=&#8221;Rouge Script|300|||||||&#8221; body_font_size=&#8221;40px&#8221; body_line_height=&#8221;1em&#8221; hover_enabled=&#8221;0&#8243;]<\/p>\n<p>\u00abSuper liebe Fotografin und die Fotos sind sooo sch\u00f6n nat\u00fcrlich! Danke!!!\u00bb<\/p>\n<p>[\/et_pb_slide][et_pb_slide _builder_version=&#8221;4.0.9&#8243; background_color=&#8221;rgba(0,0,0,0)&#8221; background_enable_color=&#8221;on&#8221; use_bg_overlay=&#8221;off&#8221; arrows_custom_color=&#8221;rgba(209,146,161,0.99)&#8221; dot_nav_custom_color=&#8221;rgba(209,146,161,0.99)&#8221; background_layout=&#8221;light&#8221; body_font=&#8221;Rouge Script|300|||||||&#8221; body_font_size=&#8221;40px&#8221; body_line_height=&#8221;1em&#8221; hover_enabled=&#8221;0&#8243;]<\/p>\n<p>\u00abEs entstehen super Fotos bei gem\u00fctlicher Atmosph\u00e4re!\u00bb<\/p>\n<p>[\/et_pb_slide][et_pb_slide _builder_version=&#8221;4.0.9&#8243; background_color=&#8221;rgba(0,0,0,0)&#8221; background_enable_color=&#8221;on&#8221; use_bg_overlay=&#8221;off&#8221; arrows_custom_color=&#8221;rgba(209,146,161,0.99)&#8221; dot_nav_custom_color=&#8221;rgba(209,146,161,0.99)&#8221; background_layout=&#8221;light&#8221; body_font=&#8221;Rouge Script|300|||||||&#8221; body_font_size=&#8221;40px&#8221; body_line_height=&#8221;1em&#8221; hover_enabled=&#8221;0&#8243;]<\/p>\n<p>\u201cDie Bilder si meeeeega! <br \/>Es isch sooo sch\u00f6n, wenn \u00f6per mini Gf\u00fchl und mini Liebi f\u00fcr s\u2019Gr\u00f6schte in mim L\u00e4be so cha uf Foto f\u00fcr d\u2018Ewigkeit festhalte.\u201c<\/p>\n<p>[\/et_pb_slide][\/et_pb_slider][\/et_pb_column][\/et_pb_row][\/et_pb_section][et_pb_section fb_built=&#8221;1&#8243; _builder_version=&#8221;4.0.9&#8243; background_enable_color=&#8221;off&#8221;][et_pb_row column_structure=&#8221;1_3,1_3,1_3&#8243; _builder_version=&#8221;4.0.9&#8243; custom_margin=&#8221;|auto|59px|auto||&#8221;][et_pb_column type=&#8221;1_3&#8243; _builder_version=&#8221;4.0.9&#8243; link_option_url=&#8221;https:\/\/ccphotography.ch\/home\/galerien\/hochzeitsfotografie\/&#8221;][et_pb_image src=&#8221;https:\/\/ccphotography.ch\/home\/wp-content\/uploads\/2019\/12\/FS7A0855-scaled.jpg&#8221; url=&#8221;https:\/\/ccphotography.ch\/home\/galerien\/hochzeitsfotografie\/&#8221; _builder_version=&#8221;4.0.9&#8243;][\/et_pb_image][et_pb_text _builder_version=&#8221;4.0.9&#8243; text_font=&#8221;Rouge Script||||||||&#8221; text_font_size=&#8221;34px&#8221; link_option_url=&#8221;https:\/\/ccphotography.ch\/home\/galerien\/hochzeitsfotografie\/&#8221;]<\/p>\n<p style=\"text-align: center;\">Hochzeitsfotografie<\/p>\n<p>[\/et_pb_text][\/et_pb_column][et_pb_column type=&#8221;1_3&#8243; _builder_version=&#8221;4.0.9&#8243;][et_pb_image src=&#8221;https:\/\/ccphotography.ch\/home\/wp-content\/uploads\/2019\/12\/FS7A0352-2.jpg&#8221; url=&#8221;https:\/\/ccphotography.ch\/home\/galerien\/kinder-familienbilder\/&#8221; _builder_version=&#8221;4.0.9&#8243;][\/et_pb_image][et_pb_text _builder_version=&#8221;4.0.9&#8243; text_font=&#8221;Rouge Script||||||||&#8221; text_font_size=&#8221;34px&#8221; link_option_url=&#8221;https:\/\/ccphotography.ch\/home\/galerien\/kinder-familienbilder\/&#8221;]<\/p>\n<p style=\"text-align: center;\">Kinder + Familienbilder<\/p>\n<p>[\/et_pb_text][\/et_pb_column][et_pb_column type=&#8221;1_3&#8243; _builder_version=&#8221;4.0.9&#8243;][et_pb_image src=&#8221;https:\/\/ccphotography.ch\/home\/wp-content\/uploads\/2019\/12\/FS7A4192-1-Kopie-2.jpg&#8221; url=&#8221;https:\/\/ccphotography.ch\/home\/galerien\/babybauch-newborn\/&#8221; _builder_version=&#8221;4.0.9&#8243;][\/et_pb_image][et_pb_text _builder_version=&#8221;4.0.9&#8243; text_font=&#8221;Rouge Script||||||||&#8221; text_font_size=&#8221;34px&#8221; link_option_url=&#8221;https:\/\/ccphotography.ch\/home\/galerien\/babybauch-newborn\/&#8221;]<\/p>\n<p style=\"text-align: center;\">Babybauch + Newborn<\/p>\n<p>[\/et_pb_text][\/et_pb_column][\/et_pb_row][\/et_pb_section][et_pb_section fb_built=&#8221;1&#8243; _builder_version=&#8221;4.0.9&#8243; background_color=&#8221;rgba(232,209,217,0.34)&#8221; custom_margin=&#8221;-17px|||||&#8221; custom_padding=&#8221;2px||8px|||&#8221;][et_pb_row _builder_version=&#8221;3.25&#8243;][et_pb_column type=&#8221;4_4&#8243; _builder_version=&#8221;3.25&#8243; custom_padding=&#8221;|||&#8221; custom_padding__hover=&#8221;|||&#8221;][et_pb_social_media_follow _builder_version=&#8221;4.0.9&#8243; transform_scale_tablet=&#8221;&#8221; transform_scale_phone=&#8221;&#8221; transform_scale_last_edited=&#8221;on|desktop&#8221; transform_translate_tablet=&#8221;-4px|53px&#8221; transform_translate_phone=&#8221;&#8221; transform_translate_last_edited=&#8221;on|tablet&#8221; transform_rotate_tablet=&#8221;&#8221; transform_rotate_phone=&#8221;&#8221; transform_rotate_last_edited=&#8221;on|desktop&#8221; transform_skew_tablet=&#8221;&#8221; transform_skew_phone=&#8221;&#8221; transform_skew_last_edited=&#8221;on|desktop&#8221; transform_origin_tablet=&#8221;&#8221; transform_origin_phone=&#8221;&#8221; transform_origin_last_edited=&#8221;on|desktop&#8221; transform_styles_last_edited=&#8221;on|tablet&#8221; text_orientation=&#8221;center&#8221; background_layout=&#8221;dark&#8221; module_alignment=&#8221;right&#8221; custom_margin=&#8221;-55px|||||&#8221; custom_margin_tablet=&#8221;&#8221; custom_margin_phone=&#8221;&#8221; custom_margin_last_edited=&#8221;on|desktop&#8221; custom_padding=&#8221;||1px|||&#8221; animation_style=&#8221;slide&#8221; animation_direction=&#8221;top&#8221; hover_enabled=&#8221;0&#8243; transform_styles_tablet=&#8221;&#8221; transform_styles_phone=&#8221;&#8221; border_radii=&#8221;on|100%|100%|100%|100%&#8221; box_shadow_style=&#8221;preset1&#8243; box_shadow_blur=&#8221;60px&#8221; locked=&#8221;off&#8221;][et_pb_social_media_follow_network social_network=&#8221;facebook&#8221; _builder_version=&#8221;4.0.9&#8243; background_color=&#8221;#000000&#8243; custom_margin=&#8221;|10px||10px||true&#8221; custom_padding=&#8221;10px|10px|10px|10px|true|true&#8221; hover_enabled=&#8221;0&#8243; follow_button=&#8221;off&#8221; url_new_window=&#8221;on&#8221; url=&#8221;www.facebook.com\/ccphotographyboeckten&#8221;]facebook[\/et_pb_social_media_follow_network][et_pb_social_media_follow_network social_network=&#8221;instagram&#8221; _builder_version=&#8221;4.0.9&#8243; background_color=&#8221;#000000&#8243; custom_margin=&#8221;|10px||10px||true&#8221; custom_padding=&#8221;10px|10px|10px|10px|true|true&#8221; hover_enabled=&#8221;0&#8243; follow_button=&#8221;off&#8221; url_new_window=&#8221;on&#8221; url=&#8221;www.instagram.com\/cc_photography_boeckten&#8221;]instagram[\/et_pb_social_media_follow_network][\/et_pb_social_media_follow][\/et_pb_column][\/et_pb_row][\/et_pb_section][et_pb_section fb_built=&#8221;1&#8243; fullwidth=&#8221;on&#8221; _builder_version=&#8221;4.0.9&#8243;][et_pb_fullwidth_menu menu_id=&#8221;3&#8243; menu_style=&#8221;centered&#8221; submenu_direction=&#8221;upwards&#8221; fullwidth_menu=&#8221;on&#8221; active_link_color=&#8221;#000000&#8243; cart_icon_color=&#8221;#000000&#8243; search_icon_color=&#8221;#000000&#8243; menu_icon_color=&#8221;#000000&#8243; _builder_version=&#8221;4.0.9&#8243; menu_font=&#8221;Lato|300||on|||||&#8221; menu_letter_spacing=&#8221;1px&#8221; custom_margin=&#8221;||||false|false&#8221; custom_padding=&#8221;||||false|false&#8221;][\/et_pb_fullwidth_menu][\/et_pb_section]<\/p>\n","protected":false},"excerpt":{"rendered":"<p>[et_pb_section fb_built=&#8221;1&#8243; fullwidth=&#8221;on&#8221; _builder_version=&#8221;4.0.9&#8243;][et_pb_fullwidth_menu menu_style=&#8221;centered&#8221; submenu_direction=&#8221;downwards&#8221; fullwidth_menu=&#8221;on&#8221; dropdown_menu_bg_color=&#8221;#ffffff&#8221; dropdown_menu_line_color=&#8221;#e8d1d9&#8243; dropdown_menu_text_color=&#8221;#000000&#8243; dropdown_menu_active_link_color=&#8221;#000000&#8243; mobile_menu_bg_color=&#8221;#ffffff&#8221; mobile_menu_text_color=&#8221;#000000&#8243; show_search_icon=&#8221;on&#8221; cart_icon_color=&#8221;#000000&#8243; search_icon_color=&#8221;#000000&#8243; menu_icon_color=&#8221;#000000&#8243; _builder_version=&#8221;4.0.9&#8243; menu_font=&#8221;Lato|300||on|||||&#8221; menu_text_color=&#8221;#000000&#8243; menu_font_size=&#8221;16px&#8221; menu_letter_spacing=&#8221;1px&#8221;][\/et_pb_fullwidth_menu][\/et_pb_section][et_pb_section fb_built=&#8221;1&#8243; fullwidth=&#8221;on&#8221; admin_label=&#8221;Header&#8221; _builder_version=&#8221;4.0.9&#8243; background_color=&#8221;#ffffff&#8221; custom_padding=&#8221;0px|0|0px|0px|false|false&#8221;][et_pb_fullwidth_header text_orientation=&#8221;center&#8221; background_overlay_color=&#8221;rgba(234,164,213,0.09)&#8221; logo_image_url=&#8221;https:\/\/ccphotography.ch\/home\/wp-content\/uploads\/2019\/12\/Logo_ccphotography.png&#8221; content_max_width=&#8221;90%&#8221; _builder_version=&#8221;4.0.9&#8243; title_font=&#8221;Noto Serif|700|||||||&#8221; title_text_align=&#8221;center&#8221; title_font_size=&#8221;7vw&#8221; title_line_height=&#8221;1.1em&#8221; content_font=&#8221;Noto Serif|700|||||||&#8221; content_text_align=&#8221;left&#8221; content_font_size=&#8221;32px&#8221; subhead_font=&#8221;Noto Sans||||||||&#8221; subhead_text_align=&#8221;center&#8221; subhead_font_size=&#8221;30px&#8221; subhead_line_height=&#8221;2em&#8221; background_color=&#8221;rgba(255,255,255,0)&#8221; background_enable_image=&#8221;off&#8221; parallax=&#8221;on&#8221; parallax_method=&#8221;on&#8221; custom_button_one=&#8221;on&#8221; button_one_text_size=&#8221;17px&#8221; button_one_text_color=&#8221;#ffffff&#8221; button_one_bg_color=&#8221;#ff6b5a&#8221; [&hellip;]<\/p>\n","protected":false},"author":1,"featured_media":0,"parent":0,"menu_order":0,"comment_status":"closed","ping_status":"closed","template":"page-template-blank.php","meta":{"_et_pb_use_builder":"on","_et_pb_old_content":"","_et_gb_content_width":""},"_links":{"self":[{"href":"https:\/\/ccphotography.ch\/home\/wp-json\/wp\/v2\/pages\/8"}],"collection":[{"href":"https:\/\/ccphotography.ch\/home\/wp-json\/wp\/v2\/pages"}],"about":[{"href":"https:\/\/ccphotography.ch\/home\/wp-json\/wp\/v2\/types\/page"}],"author":[{"embeddable":true,"href":"https:\/\/ccphotography.ch\/home\/wp-json\/wp\/v2\/users\/1"}],"replies":[{"embeddable":true,"href":"https:\/\/ccphotography.ch\/home\/wp-json\/wp\/v2\/comments?post=8"}],"version-history":[{"count":21,"href":"https:\/\/ccphotography.ch\/home\/wp-json\/wp\/v2\/pages\/8\/revisions"}],"predecessor-version":[{"id":271,"href":"https:\/\/ccphotography.ch\/home\/wp-json\/wp\/v2\/pages\/8\/revisions\/271"}],"wp:attachment":[{"href":"https:\/\/ccphotography.ch\/home\/wp-json\/wp\/v2\/media?parent=8"}],"curies":[{"name":"wp","href":"https:\/\/api.w.org\/{rel}","templated":true}]}}